604112?
2, 17, 2221
What are the prime factors of 1895813?
859, 2207
What are the prime factors of 24466457?
23, 67, 15877
List the prime factors of 550053.
3, 7, 8731
What are the prime factors of 2148774?
2, 3, 107, 3347
List the prime factors of 32024800.
2, 5, 40031
What are the prime factors of 221962?
2, 13, 8537
What are the prime factors of 3982092?
2, 3, 331841
What are the prime factors of 4242394?
2, 13, 163169
List the prime factors of 546570.
2, 3, 5, 6073
What are the prime factors of 3734454?
2, 3, 167, 3727
List the prime factors of 8026599.
3, 7, 311, 1229
What are the prime factors of 179567?
79, 2273
List the prime factors of 2852106.
2, 3, 475351
What are the prime factors of 9025066?
2, 103, 193, 227
What are the prime factors of 10117682?
2, 97, 52153
What are the prime factors of 78896?
2, 4931
List the prime factors of 1447302.
2, 3, 109, 2213
What are the prime factors of 856866?
2, 3, 142811
What are the prime factors of 4530943?
4530943
List the prime factors of 224988.
2, 3, 18749
What are the prime factors of 8997564?
2, 3, 19, 31, 67
List the prime factors of 10832437.
7, 11, 140681
What are the prime factors of 9399427?
419, 22433
List the prime factors of 1894589.
313, 6053
List the prime factors of 550067.
7, 179, 439
What are the prime factors of 211529?
37, 5717
What are the prime factors of 412573?
7, 17, 3467
What are the prime factors of 31131?
3, 1153
List the prime factors of 13163532.
2, 3, 101, 10861
List the prime factors of 183805.
5, 36761
What are the prime factors of 5567286?
2, 3, 619, 1499
What are the prime factors of 363522?
2, 3, 43, 1409
What are the prime factors of 294995?
5, 41, 1439
List the prime factors of 455717.
455717
List the prime factors of 112716.
2, 3, 31, 101
What are the prime factors of 10189732?
2, 7, 17, 21407
What are the prime factors of 1104372?
2, 3, 30677
What are the prime factors of 2773001?
7, 11, 36013
List the prime factors of 102984.
2, 3, 7, 613
List the prime factors of 1924506.
2, 3, 157, 227
List the prime factors of 27835486.
2, 7, 1988249
List the prime factors of 3003350.
2, 5, 7, 8581
What are the prime factors of 1121748?
2, 3, 93479
List the prime factors of 139025.
5, 67, 83
List the prime factors of 2660512.
2, 71, 1171
What are the prime factors of 1326381?
3, 7, 1289
List the prime factors of 816366.
2, 3, 359, 379
List the prime factors of 38720.
2, 5, 11
List the prime factors of 279205.
5, 19, 2939
List the prime factors of 3687753.
3, 37, 33223
List the prime factors of 671583.
3, 11, 47, 433
What are the prime factors of 2175842?
2, 19, 57259
What are the prime factors of 24169?
24169
List the prime factors of 184427.
43, 4289
List the prime factors of 104854.
2, 103, 509
List the prime factors of 20712184.
2, 61, 42443
List the prime factors of 45773792.
2, 17, 84143
What are the prime factors of 368285?
5, 73, 1009
List the prime factors of 1942202.
2, 743, 1307
List the prime factors of 383326.
2, 137, 1399
List the prime factors of 15075667.
3301, 4567
List the prime factors of 210876.
2, 3, 17573
What are the prime factors of 38162023?
31, 499, 2467
List the prime factors of 12002829.
3, 1489, 2687
List the prime factors of 2073219.
3, 257, 2689
List the prime factors of 3475357.
67, 51871
List the prime factors of 763331.
67, 11393
List the prime factors of 9723496.
2, 1215437
What are the prime factors of 299151?
3, 43, 773
List the prime factors of 1360736.
2, 13, 3271
List the prime factors of 6385182.
2, 3, 1064197
What are the prime factors of 27339173?
27339173
List the prime factors of 601193.
601193
What are the prime factors of 2319647?
11, 61, 3457
What are the prime factors of 298454?
2, 13, 883
List the prime factors of 49267.
19, 2593
What are the prime factors of 2623480?
2, 5, 65587
What are the prime factors of 482737?
47, 10271
What are the prime factors of 12556894?
2, 7, 896921
List the prime factors of 5604175.
5, 97, 2311
List the prime factors of 159141.
3, 53047
List the prime factors of 2337273.
3, 259697
List the prime factors of 2495219.
41, 60859
List the prime factors of 212147.
13, 16319
What are the prime factors of 32888?
2, 4111
List the prime factors of 527614.
2, 331, 797
What are the prime factors of 16058572?
2, 19, 211297
What are the prime factors of 8898864?
2, 3, 13, 1097
List the prime factors of 3191843.
1187, 2689
What are the prime factors of 2101063?
271, 7753
What are the prime factors of 521283?
3, 7, 103, 241
What are the prime factors of 8867858?
2, 4433929
What are the prime factors of 880912?
2, 55057
List the prime factors of 6683561.
227, 29443
List the prime factors of 8939098.
2, 7, 31, 43, 479
What are the prime factors of 4272186?
2, 3, 587, 1213
What are the prime factors of 17238037?
79, 113, 1931
List the prime factors of 7044234.
2, 3, 109, 10771
List the prime factors of 104425.
5, 4177
What are the prime factors of 3076744?
2, 11, 34963
List the prime factors of 35491406.
2, 17745703
What are the prime factors of 67431?
3, 7, 13, 19
What are the prime factors of 243262?
2, 121631
What are the prime factors of 241011?
3, 61, 439
What are the prime factors of 103552?
2, 809
List the prime factors of 1492356.
2, 3, 124363
List the prime factors of 190637.
379, 503
What are the prime factors of 1550849?
67, 79, 293
List the prime factors of 211733.
83, 2551
What are the prime factors of 156736?
2, 31, 79
What are the prime factors of 662247?
3, 73583
List the prime factors of 9027087.
3, 1093, 2753
List the prime factors of 39106.
2, 19553
What are the prime factors of 2784639?
3, 11, 13, 6491
List the prime factors of 4336972.
2, 17, 23, 47, 59
List the prime factors of 176831.
97, 1823
What are the prime factors of 19314289?
19314289
List the prime factors of 5926893.
3, 7, 23, 1753
List the prime factors of 58571.
37, 1583
What are the prime factors of 843941?
7, 120563
List the prime factors of 202551.
3, 107, 631
List the prime factors of 10285615.
5, 607, 3389
What are the prime factors of 10143826?
2, 7, 11, 199, 331
List the prime factors of 2801101.
23, 121787
What are the prime factors of 102600?
2, 3, 5, 19
What are the prime factors of 667856?
2, 7, 67, 89
What are the prime factors of 90780?
2, 3, 5, 17, 89
List the prime factors of 4339697.
4339697
List the prime factors of 4395363.
3, 7, 311, 673
List the prime factors of 849437.
109, 7793
What are the prime factors of 511606?
2, 255803
What are the prime factors of 332381?
7, 103, 461
List the prime factors of 281825.
5, 11273
List the prime factors of 181115.
5, 11, 37, 89
What are the prime factors of 11501047?
59, 194933
List the prime factors of 1348398.
2, 3, 23, 3257
List the prime factors of 147289.
147289
What are the prime factors of 323350?
2, 5, 29, 223
What are the prime factors of 10010?
2, 5, 7, 11, 13
What are the prime factors of 1903989?
3, 31, 59, 347
List the prime factors of 6721410.
2, 3, 5, 224047
List the prime factors of 1976702.
2, 7, 13, 10861
What are the prime factors of 1965315?
3, 5, 11, 43, 277
List the prime factors of 10081244.
2, 41, 61471
List the prime factors of 12761849.
17, 23, 127, 257
What are the prime factors of 30481206?
2, 3, 7, 19, 38197
What are the prime factors of 69480?
2, 3, 5, 193
List the prime factors of 222189.
3, 11, 6733
List the prime factors of 408.
2, 3, 17
What are the prime factors of 7914631?
83, 167, 571
List the prime factors of 4651418.
2, 37, 239, 263
What are the prime factors of 958985?
5, 23, 31, 269
What are the prime factors of 17073121?
13, 1313317
What are the prime factors of 6322469?
6322469
What are the prime factors of 245464?
2, 61, 503
List the prime factors of 9271461.
3, 23, 134369
List the prime factors of 201066.
2, 3, 23, 31, 47
List the prime factors of 165585.
3, 5, 7, 19, 83
What are the prime factors of 15583?
15583
What are the prime factors of 15728?
2, 983
List the prime factors of 2147776.
2, 37, 907
List the prime factors of 199583.
199583
What are the prime factors of 1002130?
2, 5, 100213
List the prime factors of 210408.
2, 3, 11, 797
What are the prime factors of 364548?
2, 3, 17, 1787
List the prime factors of 38892714.
2, 3, 7, 926017
What are the prime factors of 37680?
2, 3, 5, 157
What are the prime factors 